= -0*v - v - 25, 3*t - x = 5*v. Let p(n) = -n - 1. What is p(v)?
4
Let p(t) = -t**2 - 3*t - 4. Let g(x) = -x**2 - 4*x - 4. Let h(r) = -5*g(r) + 4*p(r). Let l = -2 + -3. Determine h(l).
-11
Let m(f) be the third derivative of 7*f**6/120 + f**4/24 + 2*f**2. Determine m(1).
8
Let j(u) = 3*u + 11. Let k(c) = 5*c + 17. Let z(o) = 8*j(o) - 5*k(o). Determine z(10).
-7
Let b(d) = 2*d - 2. Let n(z) = z - 3. Let x be n(4). Suppose -2*g - 5 = -x. What is b(g)?
-6
Suppose -r + 2*r = -7. Let l(j) = -j**3 - 7*j**2 + 2*j + 10. Determine l(r).
-4
Let u(q) = -q**3 + 6*q**2 - 7*q + 5. Let z be (-2 + 5)/3 + 2. Suppose 0 = -4*f + 11 + 9. Suppose f*x - 28 + z = 0. Calculate u(x).
-5
Let q(u) be the first derivative of -2*u**5/5 - u**4/12 - u**3/6 - u**2/2 - 2*u + 5. Let n(v) be the first derivative of q(v). Determine n(-1).
7
Suppose 10*l + 21 = 1. Let i(n) = -n**3 - 3*n**2 - 2*n - 2. Determine i(l).
-2
Let r(d) be the third derivative of -d**2 + 1/60*d**5 + 0 + 7/24*d**4 + 5/6*d**3 + 0*d. What is r(-4)?
-7
Let f(b) = b + 8. Let l(h) = -h**3 - 3*h**2 + 6*h + 2. Let u be l(-4). Calculate f(u).
2
Suppose 2*x - 6 = 2. Let b(m) = m**3 - 4*m**2 - 5*m - 1. Determine b(x).
-21
Let u(s) = -s**2 - 7*s - 5. Suppose 5*a - 4*w = 23, 5*a + 4*w = 3*a - 2. Suppose -a*q = -2*k - 20, 0 = -0*k - 2*k + 5*q - 24. Calculate u(k).
-5
Let l(r) = r. Suppose 3*f - 250 = 8*f. Let q be 4/(-14) + f/70. Give l(q).
-1
Let i(m) = -m**2 + 6*m - 4. Suppose 3*h + 0*h = 12. What is i(h)?
4
Suppose -8*f = -5*s - 11*f + 27, 0 = 4*s - 4*f + 4. Let b(j) = 2*j - 3. What is b(s)?
3
Let f(p) = -3*p**2 - 4*p. Let w(u) = -u**2 - u. Let x(h) = -2*f(h) + 9*w(h). What is x(-1)?
-2
Let j be (3 - 3) + -5 + 4. Let h(k) be the third derivative of k**5/12 + k**4/24 + k**3/6 - 2*k**2. Calculate h(j).
5
Let t be ((-1)/(-5))/((-22)/(-165)). Let p(c) be the first derivative of -3 - 4/3*c**3 - t*c**2 - 6*c - 1/4*c**4. Calculate p(-4).
6
Let i be 2*1/5*10. Suppose 17 = 3*b + i*p, 3 = 3*b + 5*p - 19. Let y(f) = f**3 + f**2 + f + 1. What is y(b)?
0
Let l(q) be the third derivative of q**4/24 + 5*q**3/6 + 22*q**2. Determine l(-5).
0
Let j(z) be the second derivative of -z**7/2520 + z**6/180 + z**5/24 + 5*z**4/12 - 3*z. Let a(d) be the third derivative of j(d). Determine a(4).
5
Let o be 6 - (-5)/(30/(-36)). Let m(t) be the third derivative of 1/120*t**6 + 1/60*t**5 + 1/24*t**4 - 7/6*t**3 + o + 0*t - t**2. Determine m(0).
-7
Let o(s) = -2*s - 1. Let c = 5 - 3. Suppose 3*k - c*h = h - 9, 2*k - 6 = -h. What is o(k)?
-3
Let t = -99 + 102. Let d(x) = -x**3 + 2*x**2 - 3*x - 3. Determine d(t).
-21
Let l(y) = y**3 - 5*y**2 - 8*y + 5. Let c = -48 + 54. What is l(c)?
-7
Let p(n) = -n - 1. Suppose -37*o = -40*o - 18. What is p(o)?
5
Suppose 0 = -2*d - 2*d + 4. Let s(x) = -7*x - 5. Let j(a) be the first derivative of a**2/2 - 2. Let t(u) = d*s(u) + 6*j(u). Give t(0).
-5
Let k(t) = 5*t. Suppose 2*a + 50 = 4*y, -2*y - 5*a + 1 = -6. Suppose -3*l + 2*w = -y, 3*l + 2*w + 6 - 1 = 0. Calculate k(l).
5
Let r(u) = -u**2 + 5*u + 4. Let o(d) = -d**3 - 5*d**2 - 2*d. Let t be o(-4). Let b = t - -14. What is r(b)?
-2
Suppose 3 = -0*b + b. Suppose -2*w = -2*o + b*w - 6, 3*o - 4*w + 2 = 0. Let y(m) = 1 - o*m**2 - m - 3*m + 2*m. Give y(1).
-3
Let t(h) = 3*h. Let r(a) = 2*a - 1. Let u(x) = -5*r(x) + 4*t(x). Calculate u(5).
15
Let z(j) = 12*j - 1. Let f(n) = -n**2 - 9*n - 13. Let x be f(-7). Determine z(x).
11
Let i(d) = 5*d**2 - 1. Suppose 0 = 3*c - c - 6. Suppose c*f - 15 = -3*w, w + 2 = 4*f - 13. Determine i(w).
4
Let v(u) be the first derivative of -u**6/360 - u**5/60 + u**4/6 - 2*u**3/3 - 4. Let h(z) be the third derivative of v(z). Calculate h(-4).
-4
Let f(u) = u. Let p be -2*(0 + (-2)/4). Let w(j) = -6*j + 8. Let q(v) = p*w(v) + 5*f(v). Calculate q(6).
2
Let u(a) = a. Suppose 3*i - 2*t = -5 - 9, 0 = -2*i - t. Let h be 3*i*(1 - 2). Let f = 6 - h. Calculate u(f).
0
Suppose 77 = -10*c + 7. Let k(t) = -t**2 - 5*t - 1. Calculate k(c).
-15
Let y(c) = c + 10. Suppose -6*q = 7*q. Determine y(q).
10
Let c be (-6)/5*20/(-8). Let r(t) = t**3 - 2*t**2 - 3*t - 3. Calculate r(c).
-3
Let a(w) = 1005*w + 2 - 1004*w - 2*w**3 + w**3 - 2*w**2. Suppose -i + 4 = -3*i. Give a(i).
0
Let q(w) be the second derivative of -w**2 - 1/20*w**5 + 1/3*w**4 + 3*w + w**3 + 0. What is q(5)?
3
Let s(y) = -y**3 - y**2 - 14. Suppose -4*r = r. Calculate s(r).
-14
Let a be 7/3 - 4/(-6). Let p(r) be the second derivative of -4*r - 1/3*r**3 + 1/4*r**4 - 1/20*r**5 + 0 + 1/2*r**2. What is p(a)?
-5
Let m = 8 - 5. Let b(w) be the first derivative of w**4/4 - 4*w**3/3 + w**2/2 + 4*w + 5. What is b(m)?
-2
Let s = 15 + -11. Let u(q) = 14*q**2 - 29*q + 9. Let p(l) = 5*l**2 - 10*l + 3. Let b(k) = -11*p(k) + 4*u(k). Calculate b(s).
-5
Let u(p) be the first derivative of -p - 2 + 0*p**2 - 7/3*p**3. Determine u(1).
-8
Let g be ((-18)/(-5))/(3/10). Suppose -4*j + 7*j = -g. Let i = j - -2. Let a(y) = y**3 + 2*y**2 - 4*y - 3. Calculate a(i).
5
Suppose 3*s - 19 = 5*j + 12, -3*j - 21 = -3*s. Let y(v) = -s - 2*v + 3*v + 0*v + 0. Calculate y(4).
2
Let y(w) be the second derivative of -w**5/4 - w**4/4 + w**2/2 - 31*w. Determine y(-2).
29
Let g(u) = -u**3 - 4*u**2 - 3*u. Let v be 2/(-3)*(-3)/2. Suppose -5*p + 2*q - 33 + 10 = 0, p + 3*q = 9. Let w = v + p. Calculate g(w).
-2
Let h(o) be the first derivative of o**4/4 - o**3 - o**2 - 2*o - 1. Let u = -16 - -20. Give h(u).
6
Let d(j) be the second derivative of -j**5/20 - j**4/3 + 2*j**3/3 - 2*j**2 - j. Let u be 28/(-7) + 4*2 + -9. Calculate d(u).
1
Let u(z) = z**2 + 7*z + 6. Suppose v + 5 = -0*v. Calculate u(v).
-4
Let l(f) = 6*f**2 + 2*f**3 + 2*f + 7 - 5 - f**3 + 5. Determine l(-6).
-5
Let n(c) = 2*c**2 + 4*c. Let y(w) = -3*w**2 - 9*w - 1. Let p(v) = 5*n(v) + 3*y(v). Calculate p(6).
-9
Let j(z) = z. Let p be 1 + -4 - (8 + -5). Determine j(p).
-6
Let b(v) = 6*v**3 - 8*v**2 + 7. Let r(h) = -h**3 + h - 1. Let y(u) = b(u) + 5*r(u). What is y(7)?
-12
Let j(g) = -g**2 - g + 1. Let d be j(3). Let v = d - -19. Let h(w) = -w**2 + 3*w - 1 - v*w - 3. What is h(-3)?
2
Let n be 2/(-6) + 10/3. Let q(u) = 3*u**2 - u**n + 0*u**3 - 2*u**2. Let s(p) = -p**3 + 5*p**2 - 5*p - 6. Let o(f) = 2*q(f) - s(f). Calculate o(-4).
2
Let r(d) = -2 + d + 3 - 2 + 2. Let q(g) = -4*g + 1. Let k be q(1). Determine r(k).
-2
Let f(k) be the third derivative of k**3 + 0 + 0*k - 4*k**2 - 1/24*k**4 + 1/60*k**5. What is f(0)?
6
Let v(g) = 2*g - 4. Let z be v(4). Suppose 4*a + z = -0*a. Let l(h) be the third derivative of h**5/20 + h**4/12 + h**3/6 - h**2. Calculate l(a).
2
Suppose 0 = -0*b - 3*b - 2*i + 9, -i - 13 = -2*b. Let g(h) = 4*h**2 - h. Let y be g(1). Let m(j) = j**y + 6*j - 6*j**2 + 0 - 1 + 4. Give m(b).
8
Suppose -4*x - i = -25, 5*x - 3*i - 30 = -4*i. Let p(w) = w + 6. Calculate p(x).
11
Suppose 0*b - b = 6. Let w(g) = -g - 8. Let h be w(b). Let c(k) = k**3 + 2*k**2 + 3*k + 1. Determine c(h).
-5
Let m(c) be the first derivative of -c**3/3 - 5*c**2/2 - 5*c - 1. Give m(-4).
-1
Let y(v) = -v**3 - 4*v**2 - v - 1. Let i(h) = -1 + 11*h**2 - 12*h**2 - 9*h + 8. Let p be i(-10). Give y(p).
-7
Let b(n) = -2*n**2 + 4*n - 4. Let o be b(3). Let k = 5 + o. Let g(m) be the third derivative of m**6/120 + m**5/15 - m**4/12 + m**3/2 + 3*m**2. Determine g(k).
-12
Let d = 14 + -10. Suppose 0 = -5*m + m - d. Let a(l) = -4*l**2 - 6. Let y(s) = 11*s**2 + 17. Let k(x) = 17*a(x) + 6*y(x). What is k(m)?
-2
Let w(m) be the third derivative of m**5/20 + m**4/8 - m**3/2 - 9*m**2. Determine w(-3).
15
Let h(m) = m**2 - 5*m. Let w be h(5). Suppose 0 = 4*o - 2*k - 6, 4*o - k - 7 = -w*o. Let x(j) = -2*j**3 + 2*j**2 + j + 2. What is x(o)?
-4
Let y(s) = -s - 5. Let l be 17 - 27 - (-3 + 0). What is y(l)?
2
Let j(n) be the second derivative of n**6/120 + n**5/20 + n**4/8 + n**3/2 - n**2/2 - 4*n. Let o(q) be the first derivative of j(q). Determine o(-2).
1
Let i(z) = -4*z - 11. Let r(b) = -9*b - 23. Let x(p) = 13*i(p) - 6*r(p). What is x(6)?
7
Let r(d) be the second derivative of -d**4/3 + d**3/6 + d**2 - 7*d. Calculate r(2).
-12
Let b(w) = w**3 + 5*w**2 - 10*w - 2. Let i(a) = a. Let f(j) = -b(j) - 3*i(j). What is f(-6)?
-4
Let x(y) = 5 - 4*y**2 - y - 3*y**2 - 4*y - y**3 + 6*y. Give x(-7).
-2
Let x(h) = 5*h + 8. Let t(r) = 28*r + 49. Let f(b) = 6*t(b) - 34*x(b). Calculate f(10).
2
Let i(n) = n**2 - 5. Let m(y) = y**2 + 4*y 